{"id":989,"date":"2024-01-09T08:00:04","date_gmt":"2024-01-09T08:00:04","guid":{"rendered":"https:\/\/cemel.es\/?page_id=989"},"modified":"2024-04-12T11:08:13","modified_gmt":"2024-04-12T11:08:13","slug":"el-equipo","status":"publish","type":"page","link":"https:\/\/cemel.es\/de\/el-equipo\/","title":{"rendered":"Die Mannschaft"},"content":{"rendered":"<div data-elementor-type=\"wp-page\" data-elementor-id=\"989\" class=\"elementor elementor-989\" data-elementor-post-type=\"page\">\n\t\t\t\t<div class=\"elementor-element elementor-element-4d6e5caa e-flex e-con-boxed e-con e-parent\" data-id=\"4d6e5caa\" data-element_type=\"container\" data-e-type=\"container\" data-settings=\"{&quot;background_background&quot;:&quot;classic&quot;}\">\n\t\t\t\t\t<div class=\"e-con-inner\">\n\t\t<div class=\"elementor-element elementor-element-2be7b76c e-flex e-con-boxed e-con e-child\" data-id=\"2be7b76c\" data-element_type=\"container\" data-e-type=\"container\">\n\t\t\t\t\t<div class=\"e-con-inner\">\n\t\t\t\t<div class=\"elementor-element elementor-element-155dd754 elementor-invisible elementor-widget elementor-widget-heading\" data-id=\"155dd754\" data-element_type=\"widget\" data-e-type=\"widget\" data-settings=\"{&quot;_animation&quot;:&quot;fadeInDown&quot;}\" data-widget_type=\"heading.default\">\n\t\t\t\t<div class=\"elementor-widget-container\">\n\t\t\t\t\t<h1 class=\"elementor-heading-title elementor-size-default\">\nEin Team von Fachleuten\n<\/h1>\t\t\t\t<\/div>\n\t\t\t\t<\/div>\n\t\t\t\t<div class=\"elementor-element elementor-element-1e9a1c69 elementor-widget elementor-widget-heading\" data-id=\"1e9a1c69\" data-element_type=\"widget\" data-e-type=\"widget\" data-widget_type=\"heading.default\">\n\t\t\t\t<div class=\"elementor-widget-container\">\n\t\t\t\t\t<h2 class=\"elementor-heading-title elementor-size-default\">Wir verf\u00fcgen \u00fcber ein medizinisches Team mit langj\u00e4hriger Erfahrung, das Ihnen nicht nur die h\u00f6chste Professionalit\u00e4t, sondern auch die beste menschliche Behandlung bietet, damit Sie \"THE CEMEL EXPERIENCE\" auf einzigartige Weise erleben und Ihren Traum verwirklichen k\u00f6nnen, WER SIE SEIN WOLLEN zu sein. <\/h2>\t\t\t\t<\/div>\n\t\t\t\t<\/div>\n\t\t\t\t\t<\/div>\n\t\t\t\t<\/div>\n\t\t\t\t\t<\/div>\n\t\t\t\t<\/div>\n\t\t<div class=\"elementor-element elementor-element-758d3603 e-flex e-con-boxed e-con e-parent\" data-id=\"758d3603\" data-element_type=\"container\" data-e-type=\"container\">\n\t\t\t\t\t<div class=\"e-con-inner\">\n\t\t<div class=\"elementor-element elementor-element-795cf58a animated-slow e-flex e-con-boxed elementor-invisible e-con e-child\" data-id=\"795cf58a\" data-element_type=\"container\" data-e-type=\"container\" data-settings=\"{&quot;animation&quot;:&quot;fadeIn&quot;}\">\n\t\t\t\t\t<div class=\"e-con-inner\">\n\t\t<div class=\"elementor-element elementor-element-6e9375bb e-con-full e-flex e-con e-child\" data-id=\"6e9375bb\" data-element_type=\"container\" data-e-type=\"container\">\n\t\t\t\t<div class=\"elementor-element elementor-element-7a22c9c7 elementor-widget elementor-widget-elementskit-team\" data-id=\"7a22c9c7\" data-element_type=\"widget\" data-e-type=\"widget\" data-widget_type=\"elementskit-team.default\">\n\t\t\t\t<div class=\"elementor-widget-container\">\n\t\t\t\t\t<div class=\"ekit-wid-con\">\n\t\t\t\t\t\t\t\t\t\t\t\t\t\t\t <div class=\"style-circle ekit-team-img-fit\"> \t\t\t\t\t\t\t\t\t<div class=\"profile-image-card elementor-animation- ekit-team-img ekit-team-style-overlay_circle text-center\">\n\n\t\t\t\t\t\t\t\t\t\t\t\t\t<img decoding=\"async\" src=\"https:\/\/cemel.es\/wp-content\/uploads\/2024\/01\/cemeyq_siridion_01-e1707152298206.jpg\" title=\"cemeyq_siridion_01\" alt=\"cemeyq_siridion_01\" loading=\"lazy\" \/>\t\t\t\t\t\t\t\t\t\t\t\t<div class=\"hover-area\">\n\t\t\t\t\t\t\t<div class=\"profile-body\">\n\t\t\t\t\t\t\t\t<h2 class=\"profile-title\">\n\t\t\t\t\t\t\t\t\t\t\t\t\t\t\t\t\t\t\t\t\t\t\t\t\t\t\t\t\t\t\t\t\t<\/h2>\n\t\t\t\t\t\t\t\t<p class=\"profile-designation\"><\/p>\n\t\t\t\t\t\t\t\t\t\t\t\t\t\t\t<\/div>\n\t\t\t\t\t\t\t\t\t\t\t\t\t<\/div>\n\t\t\t\t\t<\/div>\n\t\t\t\t\t <\/div> \n\t\t\t\t\n\t\t\t\t<\/div>\t\t\t\t<\/div>\n\t\t\t\t<\/div>\n\t\t\t\t<div class=\"elementor-element elementor-element-31f264ea elementor-widget elementor-widget-icon-box\" data-id=\"31f264ea\" data-element_type=\"widget\" data-e-type=\"widget\" data-widget_type=\"icon-box.default\">\n\t\t\t\t<div class=\"elementor-widget-container\">\n\t\t\t\t\t\t\t<div class=\"elementor-icon-box-wrapper\">\n\n\t\t\t\n\t\t\t\t\t\t<div class=\"elementor-icon-box-content\">\n\n\t\t\t\t\t\t\t\t\t<div class=\"elementor-icon-box-title\">\n\t\t\t\t\t\t<span  >\n\t\t\t\t\t\t\tDr. Siridi\u00f3n Fleitas Lantigua\t\t\t\t\t\t<\/span>\n\t\t\t\t\t<\/div>\n\t\t\t\t\n\t\t\t\t\t\t\t\t\t<p class=\"elementor-icon-box-description\">\n\t\t\t\t\t\tExperte f\u00fcr \u00c4sthetische Medizin und Chirurgie\t\t\t\t\t<\/p>\n\t\t\t\t\n\t\t\t<\/div>\n\t\t\t\n\t\t<\/div>\n\t\t\t\t\t\t<\/div>\n\t\t\t\t<\/div>\n\t\t\t\t<\/div>\n\t\t<div class=\"elementor-element elementor-element-84a614e e-con-full e-flex e-con e-child\" data-id=\"84a614e\" data-element_type=\"container\" data-e-type=\"container\">\n\t\t\t\t<div class=\"elementor-element elementor-element-2e228092 elementor-widget elementor-widget-elementskit-team\" data-id=\"2e228092\" data-element_type=\"widget\" data-e-type=\"widget\" data-widget_type=\"elementskit-team.default\">\n\t\t\t\t<div class=\"elementor-widget-container\">\n\t\t\t\t\t<div class=\"ekit-wid-con\">\n\t\t\t\t\t\t\t\t\t\t\t\t\t\t\t <div class=\"style-circle ekit-team-img-fit\"> \t\t\t\t\t\t\t\t\t<div class=\"profile-image-card elementor-animation- ekit-team-img ekit-team-style-overlay_circle text-center\">\n\n\t\t\t\t\t\t\t\t\t\t\t\t\t<img fetchpriority=\"high\" decoding=\"async\" width=\"378\" height=\"356\" src=\"https:\/\/cemel.es\/wp-content\/uploads\/2024\/02\/WhatsApp-Image-2024-02-05-at-11.36.49-e1712920082483.jpeg\" class=\"attachment-full size-full wp-image-1807\" alt=\"\" srcset=\"https:\/\/cemel.es\/wp-content\/uploads\/2024\/02\/WhatsApp-Image-2024-02-05-at-11.36.49-e1712920082483.jpeg 378w, https:\/\/cemel.es\/wp-content\/uploads\/2024\/02\/WhatsApp-Image-2024-02-05-at-11.36.49-e1712920082483-300x283.jpeg 300w, https:\/\/cemel.es\/wp-content\/uploads\/2024\/02\/WhatsApp-Image-2024-02-05-at-11.36.49-e1712920082483-13x12.jpeg 13w\" sizes=\"(max-width: 378px) 100vw, 378px\" \/>\t\t\t\t\t\t\t\t\t\t\t\t<div class=\"hover-area\">\n\t\t\t\t\t\t\t<div class=\"profile-body\">\n\t\t\t\t\t\t\t\t<h2 class=\"profile-title\">\n\t\t\t\t\t\t\t\t\t\t\t\t\t\t\t\t\t\t\t\t\t\t\t\t\t\t\t\t\t\t\t\t\t<\/h2>\n\t\t\t\t\t\t\t\t<p class=\"profile-designation\"><\/p>\n\t\t\t\t\t\t\t\t\t\t\t\t\t\t\t<\/div>\n\t\t\t\t\t\t\t\t\t\t\t\t\t<\/div>\n\t\t\t\t\t<\/div>\n\t\t\t\t\t <\/div> \n\t\t\t\t\n\t\t\t\t<\/div>\t\t\t\t<\/div>\n\t\t\t\t<\/div>\n\t\t\t\t<div class=\"elementor-element elementor-element-216cbf97 elementor-widget elementor-widget-icon-box\" data-id=\"216cbf97\" data-element_type=\"widget\" data-e-type=\"widget\" data-widget_type=\"icon-box.default\">\n\t\t\t\t<div class=\"elementor-widget-container\">\n\t\t\t\t\t\t\t<div class=\"elementor-icon-box-wrapper\">\n\n\t\t\t\n\t\t\t\t\t\t<div class=\"elementor-icon-box-content\">\n\n\t\t\t\t\t\t\t\t\t<div class=\"elementor-icon-box-title\">\n\t\t\t\t\t\t<span  >\n\t\t\t\t\t\t\tDr. Eduardo Amador Penson\t\t\t\t\t\t<\/span>\n\t\t\t\t\t<\/div>\n\t\t\t\t\n\t\t\t\t\t\t\t\t\t<p class=\"elementor-icon-box-description\">\n\t\t\t\t\t\tFacharzt f\u00fcr \u00c4sthetische und Rekonstruktive Plastische Chirurgie\t\t\t\t\t<\/p>\n\t\t\t\t\n\t\t\t<\/div>\n\t\t\t\n\t\t<\/div>\n\t\t\t\t\t\t<\/div>\n\t\t\t\t<\/div>\n\t\t\t\t<\/div>\n\t\t<div class=\"elementor-element elementor-element-2defb2cd e-con-full e-flex e-con e-child\" data-id=\"2defb2cd\" data-element_type=\"container\" data-e-type=\"container\">\n\t\t\t\t<div class=\"elementor-element elementor-element-1b8e57d2 elementor-widget elementor-widget-elementskit-team\" data-id=\"1b8e57d2\" data-element_type=\"widget\" data-e-type=\"widget\" data-widget_type=\"elementskit-team.default\">\n\t\t\t\t<div class=\"elementor-widget-container\">\n\t\t\t\t\t<div class=\"ekit-wid-con\">\n\t\t\t\t\t\t\t\t\t\t\t\t\t\t\t <div class=\"style-circle ekit-team-img-fit\"> \t\t\t\t\t\t\t\t\t<div class=\"profile-image-card elementor-animation- ekit-team-img ekit-team-style-overlay_circle text-center\">\n\n\t\t\t\t\t\t\t\t\t\t\t\t\t<img decoding=\"async\" width=\"115\" height=\"150\" src=\"https:\/\/cemel.es\/wp-content\/uploads\/2024\/01\/Captura-de-pantalla-2017-04-24-a-las-17.38.43.png\" class=\"attachment-full size-full wp-image-1036\" alt=\"\" srcset=\"https:\/\/cemel.es\/wp-content\/uploads\/2024\/01\/Captura-de-pantalla-2017-04-24-a-las-17.38.43.png 115w, https:\/\/cemel.es\/wp-content\/uploads\/2024\/01\/Captura-de-pantalla-2017-04-24-a-las-17.38.43-9x12.png 9w\" sizes=\"(max-width: 115px) 100vw, 115px\" \/>\t\t\t\t\t\t\t\t\t\t\t\t<div class=\"hover-area\">\n\t\t\t\t\t\t\t<div class=\"profile-body\">\n\t\t\t\t\t\t\t\t<h2 class=\"profile-title\">\n\t\t\t\t\t\t\t\t\t\t\t\t\t\t\t\t\t\t\t\t\t\t\t\t\t\t\t\t\t\t\t\t\t<\/h2>\n\t\t\t\t\t\t\t\t<p class=\"profile-designation\"><\/p>\n\t\t\t\t\t\t\t\t\t\t\t\t\t\t\t<\/div>\n\t\t\t\t\t\t\t\t\t\t\t\t\t<\/div>\n\t\t\t\t\t<\/div>\n\t\t\t\t\t <\/div> \n\t\t\t\t\n\t\t\t\t<\/div>\t\t\t\t<\/div>\n\t\t\t\t<\/div>\n\t\t\t\t<div class=\"elementor-element elementor-element-41db0e41 elementor-widget elementor-widget-icon-box\" data-id=\"41db0e41\" data-element_type=\"widget\" data-e-type=\"widget\" data-widget_type=\"icon-box.default\">\n\t\t\t\t<div class=\"elementor-widget-container\">\n\t\t\t\t\t\t\t<div class=\"elementor-icon-box-wrapper\">\n\n\t\t\t\n\t\t\t\t\t\t<div class=\"elementor-icon-box-content\">\n\n\t\t\t\t\t\t\t\t\t<div class=\"elementor-icon-box-title\">\n\t\t\t\t\t\t<span  >\n\t\t\t\t\t\t\tM\u00aa Carmen Amaro Blanco\t\t\t\t\t\t<\/span>\n\t\t\t\t\t<\/div>\n\t\t\t\t\n\t\t\t\t\t\t\t\t\t<p class=\"elementor-icon-box-description\">\n\t\t\t\t\t\t\u00c4sthetik\t\t\t\t\t<\/p>\n\t\t\t\t\n\t\t\t<\/div>\n\t\t\t\n\t\t<\/div>\n\t\t\t\t\t\t<\/div>\n\t\t\t\t<\/div>\n\t\t\t\t<\/div>\n\t\t\t\t\t<\/div>\n\t\t\t\t<\/div>\n\t\t\t\t\t<\/div>\n\t\t\t\t<\/div>\n\t\t\t\t<\/div>","protected":false},"excerpt":{"rendered":"<p>Un equipo de profesionales Contamos con un equipo m\u00e9dico con amplia experiencia, que no solo te ofrecer\u00e1n la mayor profesionalidad, sino el mejor trato humano para que vivas \u201cLA EXPERIENCIA CEMEL\u201d de forma \u00fanica y logres alcanzar tus sue\u00f1os de SER QUI\u00c9N QUIERAS SER. Dr. Siridi\u00f3n Fleitas Lantigua Experto en Medicina y Cirug\u00eda Est\u00e9tica Dr. [&hellip;]<\/p>\n","protected":false},"author":1,"featured_media":0,"parent":0,"menu_order":0,"comment_status":"closed","ping_status":"closed","template":"","meta":{"footnotes":""},"class_list":["post-989","page","type-page","status-publish","hentry"],"_links":{"self":[{"href":"https:\/\/cemel.es\/de\/wp-json\/wp\/v2\/pages\/989","targetHints":{"allow":["GET"]}}],"collection":[{"href":"https:\/\/cemel.es\/de\/wp-json\/wp\/v2\/pages"}],"about":[{"href":"https:\/\/cemel.es\/de\/wp-json\/wp\/v2\/types\/page"}],"author":[{"embeddable":true,"href":"https:\/\/cemel.es\/de\/wp-json\/wp\/v2\/users\/1"}],"replies":[{"embeddable":true,"href":"https:\/\/cemel.es\/de\/wp-json\/wp\/v2\/comments?post=989"}],"version-history":[{"count":38,"href":"https:\/\/cemel.es\/de\/wp-json\/wp\/v2\/pages\/989\/revisions"}],"predecessor-version":[{"id":2390,"href":"https:\/\/cemel.es\/de\/wp-json\/wp\/v2\/pages\/989\/revisions\/2390"}],"wp:attachment":[{"href":"https:\/\/cemel.es\/de\/wp-json\/wp\/v2\/media?parent=989"}],"curies":[{"name":"wp","href":"https:\/\/api.w.org\/{rel}","templated":true}]}}

<div data-elementor-type="wp-page" data-elementor-id="989" class="elementor elementor-989" data-elementor-post-type="page">
				<div class="elementor-element elementor-element-4d6e5caa e-flex e-con-boxed e-con e-parent" data-id="4d6e5caa" data-element_type="container" data-e-type="container" data-settings="{&quot;background_background&quot;:&quot;classic&quot;}">
					<div class="e-con-inner">
		<div class="elementor-element elementor-element-2be7b76c e-flex e-con-boxed e-con e-child" data-id="2be7b76c" data-element_type="container" data-e-type="container">
					<div class="e-con-inner">
				<div class="elementor-element elementor-element-155dd754 elementor-invisible elementor-widget elementor-widget-heading" data-id="155dd754" data-element_type="widget" data-e-type="widget" data-settings="{&quot;_animation&quot;:&quot;fadeInDown&quot;}" data-widget_type="heading.default">
				<div class="elementor-widget-container">
					<h1 class="elementor-heading-title elementor-size-default">
Ein Team von Fachleuten
</h1>				</div>
				</div>
				<div class="elementor-element elementor-element-1e9a1c69 elementor-widget elementor-widget-heading" data-id="1e9a1c69" data-element_type="widget" data-e-type="widget" data-widget_type="heading.default">
				<div class="elementor-widget-container">
					<h2 class="elementor-heading-title elementor-size-default">Wir verfügen über ein medizinisches Team mit langjähriger Erfahrung, das Ihnen nicht nur die höchste Professionalität, sondern auch die beste menschliche Behandlung bietet, damit Sie "THE CEMEL EXPERIENCE" auf einzigartige Weise erleben und Ihren Traum verwirklichen können, WER SIE SEIN WOLLEN zu sein. </h2>				</div>
				</div>
					</div>
				</div>
					</div>
				</div>
		<div class="elementor-element elementor-element-758d3603 e-flex e-con-boxed e-con e-parent" data-id="758d3603" data-element_type="container" data-e-type="container">
					<div class="e-con-inner">
		<div class="elementor-element elementor-element-795cf58a animated-slow e-flex e-con-boxed elementor-invisible e-con e-child" data-id="795cf58a" data-element_type="container" data-e-type="container" data-settings="{&quot;animation&quot;:&quot;fadeIn&quot;}">
					<div class="e-con-inner">
		<div class="elementor-element elementor-element-6e9375bb e-con-full e-flex e-con e-child" data-id="6e9375bb" data-element_type="container" data-e-type="container">
				<div class="elementor-element elementor-element-7a22c9c7 elementor-widget elementor-widget-elementskit-team" data-id="7a22c9c7" data-element_type="widget" data-e-type="widget" data-widget_type="elementskit-team.default">
				<div class="elementor-widget-container">
					<div class="ekit-wid-con">
															 <div class="style-circle ekit-team-img-fit"> 									<div class="profile-image-card elementor-animation- ekit-team-img ekit-team-style-overlay_circle text-center">

													<img decoding="async" src="https://cemel.es/wp-content/uploads/2024/01/cemeyq_siridion_01-e1707152298206.jpg" title="cemeyq_siridion_01" alt="cemeyq_siridion_01" loading="lazy" />												<div class="hover-area">
							<div class="profile-body">
								<h2 class="profile-title">
																																	</h2>
								<p class="profile-designation"></p>
															</div>
													</div>
					</div>
					 </div> 
				
				</div>				</div>
				</div>
				<div class="elementor-element elementor-element-31f264ea elementor-widget elementor-widget-icon-box" data-id="31f264ea" data-element_type="widget" data-e-type="widget" data-widget_type="icon-box.default">
				<div class="elementor-widget-container">
							<div class="elementor-icon-box-wrapper">

			
						<div class="elementor-icon-box-content">

									<div class="elementor-icon-box-title">
						<span  >
							Dr. Siridión Fleitas Lantigua						</span>
					</div>
				
									<p class="elementor-icon-box-description">
						Experte für Ästhetische Medizin und Chirurgie					</p>
				
			</div>
			
		</div>
						</div>
				</div>
				</div>
		<div class="elementor-element elementor-element-84a614e e-con-full e-flex e-con e-child" data-id="84a614e" data-element_type="container" data-e-type="container">
				<div class="elementor-element elementor-element-2e228092 elementor-widget elementor-widget-elementskit-team" data-id="2e228092" data-element_type="widget" data-e-type="widget" data-widget_type="elementskit-team.default">
				<div class="elementor-widget-container">
					<div class="ekit-wid-con">
															 <div class="style-circle ekit-team-img-fit"> 									<div class="profile-image-card elementor-animation- ekit-team-img ekit-team-style-overlay_circle text-center">

													<img fetchpriority="high" decoding="async" width="378" height="356" src="https://cemel.es/wp-content/uploads/2024/02/WhatsApp-Image-2024-02-05-at-11.36.49-e1712920082483.jpeg" class="attachment-full size-full wp-image-1807" alt="" srcset="https://cemel.es/wp-content/uploads/2024/02/WhatsApp-Image-2024-02-05-at-11.36.49-e1712920082483.jpeg 378w, https://cemel.es/wp-content/uploads/2024/02/WhatsApp-Image-2024-02-05-at-11.36.49-e1712920082483-300x283.jpeg 300w, https://cemel.es/wp-content/uploads/2024/02/WhatsApp-Image-2024-02-05-at-11.36.49-e1712920082483-13x12.jpeg 13w" sizes="(max-width: 378px) 100vw, 378px" />												<div class="hover-area">
							<div class="profile-body">
								<h2 class="profile-title">
																																	</h2>
								<p class="profile-designation"></p>
															</div>
													</div>
					</div>
					 </div> 
				
				</div>				</div>
				</div>
				<div class="elementor-element elementor-element-216cbf97 elementor-widget elementor-widget-icon-box" data-id="216cbf97" data-element_type="widget" data-e-type="widget" data-widget_type="icon-box.default">
				<div class="elementor-widget-container">
							<div class="elementor-icon-box-wrapper">

			
						<div class="elementor-icon-box-content">

									<div class="elementor-icon-box-title">
						<span  >
							Dr. Eduardo Amador Penson						</span>
					</div>
				
									<p class="elementor-icon-box-description">
						Facharzt für Ästhetische und Rekonstruktive Plastische Chirurgie					</p>
				
			</div>
			
		</div>
						</div>
				</div>
				</div>
		<div class="elementor-element elementor-element-2defb2cd e-con-full e-flex e-con e-child" data-id="2defb2cd" data-element_type="container" data-e-type="container">
				<div class="elementor-element elementor-element-1b8e57d2 elementor-widget elementor-widget-elementskit-team" data-id="1b8e57d2" data-element_type="widget" data-e-type="widget" data-widget_type="elementskit-team.default">
				<div class="elementor-widget-container">
					<div class="ekit-wid-con">
															 <div class="style-circle ekit-team-img-fit"> 									<div class="profile-image-card elementor-animation- ekit-team-img ekit-team-style-overlay_circle text-center">

													<img decoding="async" width="115" height="150" src="https://cemel.es/wp-content/uploads/2024/01/Captura-de-pantalla-2017-04-24-a-las-17.38.43.png" class="attachment-full size-full wp-image-1036" alt="" srcset="https://cemel.es/wp-content/uploads/2024/01/Captura-de-pantalla-2017-04-24-a-las-17.38.43.png 115w, https://cemel.es/wp-content/uploads/2024/01/Captura-de-pantalla-2017-04-24-a-las-17.38.43-9x12.png 9w" sizes="(max-width: 115px) 100vw, 115px" />												<div class="hover-area">
							<div class="profile-body">
								<h2 class="profile-title">
																																	</h2>
								<p class="profile-designation"></p>
															</div>
													</div>
					</div>
					 </div> 
				
				</div>				</div>
				</div>
				<div class="elementor-element elementor-element-41db0e41 elementor-widget elementor-widget-icon-box" data-id="41db0e41" data-element_type="widget" data-e-type="widget" data-widget_type="icon-box.default">
				<div class="elementor-widget-container">
							<div class="elementor-icon-box-wrapper">

			
						<div class="elementor-icon-box-content">

									<div class="elementor-icon-box-title">
						<span  >
							Mª Carmen Amaro Blanco						</span>
					</div>
				
									<p class="elementor-icon-box-description">
						Ästhetik					</p>
				
			</div>
			
		</div>
						</div>
				</div>
				</div>
					</div>
				</div>
					</div>
				</div>
				</div>

<p>Un equipo de profesionales Contamos con un equipo médico con amplia experiencia, que no solo te ofrecerán la mayor profesionalidad, sino el mejor trato humano para que vivas “LA EXPERIENCIA CEMEL” de forma única y logres alcanzar tus sueños de SER QUIÉN QUIERAS SER. Dr. Siridión Fleitas Lantigua Experto en Medicina y Cirugía Estética Dr. [&hellip;]</p>
