{"id":1533,"date":"2024-01-25T09:04:30","date_gmt":"2024-01-25T09:04:30","guid":{"rendered":"https:\/\/cemel.es\/?page_id=1533"},"modified":"2024-01-25T09:10:55","modified_gmt":"2024-01-25T09:10:55","slug":"dermapen-led","status":"publish","type":"page","link":"https:\/\/cemel.es\/de\/medicina-estetica\/dermapen-led\/","title":{"rendered":"DERMAPEN LED"},"content":{"rendered":"<div data-elementor-type=\"wp-page\" data-elementor-id=\"1533\" class=\"elementor elementor-1533\" data-elementor-post-type=\"page\">\n\t\t\t\t<div class=\"elementor-element elementor-element-4ecd1b7f e-flex e-con-boxed e-con e-parent\" data-id=\"4ecd1b7f\" data-element_type=\"container\" data-e-type=\"container\">\n\t\t\t\t\t<div class=\"e-con-inner\">\n\t\t<div class=\"elementor-element elementor-element-6032f656 e-con-full e-flex e-con e-child\" data-id=\"6032f656\" data-element_type=\"container\" data-e-type=\"container\">\n\t\t\t\t<div class=\"elementor-element elementor-element-a2478a4 elementor-invisible elementor-widget elementor-widget-heading\" data-id=\"a2478a4\" data-element_type=\"widget\" data-e-type=\"widget\" data-settings=\"{&quot;_animation&quot;:&quot;fadeInLeft&quot;}\" data-widget_type=\"heading.default\">\n\t\t\t\t<div class=\"elementor-widget-container\">\n\t\t\t\t\t<h1 class=\"elementor-heading-title elementor-size-default\">Dermapen Led<\/h1>\t\t\t\t<\/div>\n\t\t\t\t<\/div>\n\t\t\t\t<div class=\"elementor-element elementor-element-47b1b81 elementor-widget elementor-widget-text-editor\" data-id=\"47b1b81\" data-element_type=\"widget\" data-e-type=\"widget\" data-widget_type=\"text-editor.default\">\n\t\t\t\t<div class=\"elementor-widget-container\">\n\t\t\t\t\t\t\t\t\t<p>Dermapen ist eine kosmetische Behandlung zur Korrektur von Hautunreinheiten an bestimmten Stellen des K\u00f6rpers. Sie dient dazu, Elastin und Kollagen auf nat\u00fcrliche Weise zu stimulieren. Aus diesem Grund werden Hautunreinheiten, Dehnungsstreifen, Falten, Narben oder Unvollkommenheiten reduziert.<\/p><p>\u00a0<\/p>\t\t\t\t\t\t\t\t<\/div>\n\t\t\t\t<\/div>\n\t\t<div class=\"elementor-element elementor-element-7b0298c e-con-full e-flex e-con e-child\" data-id=\"7b0298c\" data-element_type=\"container\" data-e-type=\"container\">\n\t\t<div class=\"elementor-element elementor-element-b136ef7 e-con-full e-flex e-con e-child\" data-id=\"b136ef7\" data-element_type=\"container\" data-e-type=\"container\">\n\t\t\t\t<\/div>\n\t\t\t\t<\/div>\n\t\t\t\t<\/div>\n\t\t<div class=\"elementor-element elementor-element-0a5c125 e-con-full e-flex e-con e-child\" data-id=\"0a5c125\" data-element_type=\"container\" data-e-type=\"container\">\n\t\t\t\t<div class=\"elementor-element elementor-element-aae305d elementor-widget elementor-widget-image\" data-id=\"aae305d\" data-element_type=\"widget\" data-e-type=\"widget\" data-widget_type=\"image.default\">\n\t\t\t\t<div class=\"elementor-widget-container\">\n\t\t\t\t\t\t\t\t\t\t\t\t\t\t\t<img fetchpriority=\"high\" decoding=\"async\" width=\"666\" height=\"628\" src=\"https:\/\/cemel.es\/wp-content\/uploads\/2024\/01\/persona-que-recibe-tratamiento-belleza-microagujas-e1706173842403.jpg\" class=\"attachment-full size-full wp-image-1539\" alt=\"\" srcset=\"https:\/\/cemel.es\/wp-content\/uploads\/2024\/01\/persona-que-recibe-tratamiento-belleza-microagujas-e1706173842403.jpg 666w, https:\/\/cemel.es\/wp-content\/uploads\/2024\/01\/persona-que-recibe-tratamiento-belleza-microagujas-e1706173842403-300x283.jpg 300w, https:\/\/cemel.es\/wp-content\/uploads\/2024\/01\/persona-que-recibe-tratamiento-belleza-microagujas-e1706173842403-13x12.jpg 13w\" sizes=\"(max-width: 666px) 100vw, 666px\" \/>\t\t\t\t\t\t\t\t\t\t\t\t\t\t\t<\/div>\n\t\t\t\t<\/div>\n\t\t\t\t<\/div>\n\t\t\t\t\t<\/div>\n\t\t\t\t<\/div>\n\t\t\t\t<\/div>","protected":false},"excerpt":{"rendered":"<p>Dermapen Led Dermapen es un tratamiento est\u00e9tico para corregir las imperfecciones de la piel en zonas localizadas de cualquier parte del cuerpo. Sirve para estimular la elastina y el col\u00e1geno de forma natural. Por esa raz\u00f3n logra reducir manchas, estr\u00edas, arrugas, cicatrices o imperfecciones. \u00a0<\/p>","protected":false},"author":1,"featured_media":0,"parent":831,"menu_order":0,"comment_status":"closed","ping_status":"closed","template":"","meta":{"footnotes":""},"class_list":["post-1533","page","type-page","status-publish","hentry"],"_links":{"self":[{"href":"https:\/\/cemel.es\/de\/wp-json\/wp\/v2\/pages\/1533","targetHints":{"allow":["GET"]}}],"collection":[{"href":"https:\/\/cemel.es\/de\/wp-json\/wp\/v2\/pages"}],"about":[{"href":"https:\/\/cemel.es\/de\/wp-json\/wp\/v2\/types\/page"}],"author":[{"embeddable":true,"href":"https:\/\/cemel.es\/de\/wp-json\/wp\/v2\/users\/1"}],"replies":[{"embeddable":true,"href":"https:\/\/cemel.es\/de\/wp-json\/wp\/v2\/comments?post=1533"}],"version-history":[{"count":7,"href":"https:\/\/cemel.es\/de\/wp-json\/wp\/v2\/pages\/1533\/revisions"}],"predecessor-version":[{"id":1542,"href":"https:\/\/cemel.es\/de\/wp-json\/wp\/v2\/pages\/1533\/revisions\/1542"}],"up":[{"embeddable":true,"href":"https:\/\/cemel.es\/de\/wp-json\/wp\/v2\/pages\/831"}],"wp:attachment":[{"href":"https:\/\/cemel.es\/de\/wp-json\/wp\/v2\/media?parent=1533"}],"curies":[{"name":"wp","href":"https:\/\/api.w.org\/{rel}","templated":true}]}}

<div data-elementor-type="wp-page" data-elementor-id="1533" class="elementor elementor-1533" data-elementor-post-type="page">
				<div class="elementor-element elementor-element-4ecd1b7f e-flex e-con-boxed e-con e-parent" data-id="4ecd1b7f" data-element_type="container" data-e-type="container">
					<div class="e-con-inner">
		<div class="elementor-element elementor-element-6032f656 e-con-full e-flex e-con e-child" data-id="6032f656" data-element_type="container" data-e-type="container">
				<div class="elementor-element elementor-element-a2478a4 elementor-invisible elementor-widget elementor-widget-heading" data-id="a2478a4" data-element_type="widget" data-e-type="widget" data-settings="{&quot;_animation&quot;:&quot;fadeInLeft&quot;}" data-widget_type="heading.default">
				<div class="elementor-widget-container">
					<h1 class="elementor-heading-title elementor-size-default">Dermapen Led</h1>				</div>
				</div>
				<div class="elementor-element elementor-element-47b1b81 elementor-widget elementor-widget-text-editor" data-id="47b1b81" data-element_type="widget" data-e-type="widget" data-widget_type="text-editor.default">
				<div class="elementor-widget-container">
									<p>Dermapen ist eine kosmetische Behandlung zur Korrektur von Hautunreinheiten an bestimmten Stellen des Körpers. Sie dient dazu, Elastin und Kollagen auf natürliche Weise zu stimulieren. Aus diesem Grund werden Hautunreinheiten, Dehnungsstreifen, Falten, Narben oder Unvollkommenheiten reduziert.</p><p> </p>								</div>
				</div>
		<div class="elementor-element elementor-element-7b0298c e-con-full e-flex e-con e-child" data-id="7b0298c" data-element_type="container" data-e-type="container">
		<div class="elementor-element elementor-element-b136ef7 e-con-full e-flex e-con e-child" data-id="b136ef7" data-element_type="container" data-e-type="container">
				</div>
				</div>
				</div>
		<div class="elementor-element elementor-element-0a5c125 e-con-full e-flex e-con e-child" data-id="0a5c125" data-element_type="container" data-e-type="container">
				<div class="elementor-element elementor-element-aae305d elementor-widget elementor-widget-image" data-id="aae305d" data-element_type="widget" data-e-type="widget" data-widget_type="image.default">
				<div class="elementor-widget-container">
															<img fetchpriority="high" decoding="async" width="666" height="628" src="https://cemel.es/wp-content/uploads/2024/01/persona-que-recibe-tratamiento-belleza-microagujas-e1706173842403.jpg" class="attachment-full size-full wp-image-1539" alt="" srcset="https://cemel.es/wp-content/uploads/2024/01/persona-que-recibe-tratamiento-belleza-microagujas-e1706173842403.jpg 666w, https://cemel.es/wp-content/uploads/2024/01/persona-que-recibe-tratamiento-belleza-microagujas-e1706173842403-300x283.jpg 300w, https://cemel.es/wp-content/uploads/2024/01/persona-que-recibe-tratamiento-belleza-microagujas-e1706173842403-13x12.jpg 13w" sizes="(max-width: 666px) 100vw, 666px" />															</div>
				</div>
				</div>
					</div>
				</div>
				</div>

<p>Dermapen Led Dermapen es un tratamiento estético para corregir las imperfecciones de la piel en zonas localizadas de cualquier parte del cuerpo. Sirve para estimular la elastina y el colágeno de forma natural. Por esa razón logra reducir manchas, estrías, arrugas, cicatrices o imperfecciones.  </p>
